2)*(-10)/y. Suppose -p + 5 = -6*h. What is the units digit of h?
2
What is the tens digit of (-7432 - -2)*48/(-40)?
1
Let j(o) = -8*o - 28 - 22 + 17*o. Let i = -18 + 34. What is the tens digit of j(i)?
9
Let k(v) = 3*v**3 + 5*v**2 + 57*v - 162. What is the tens digit of k(7)?
1
Let c(j) = 8*j**3 - 11*j**3 - 3*j**2 - 9 + 3*j**2. What is the units digit of c(-7)?
0
Suppose 3*c = 2*i - 407, -i + 216 - 10 = -4*c. Suppose -i*z = -212*z + 7200. What is the units digit of z?
0
Let i = 23 + 183. Let t = i + -14. Let n = 342 - t. What is the units digit of n?
0
Suppose 2*j - 5*u = 18948 + 11986, 61868 = 4*j + 3*u. What is the tens digit of j?
6
Let z(j) = -90*j + 120. Let l be z(4). Let g = 300 + l. What is the tens digit of g?
6
Let c(o) = 23*o**2 - o + 128. Let r be c(18). Suppose -3*y + r = 5*t, -2*t + 3030 = -2*y - 2*y. What is the tens digit of t?
1
Let b = -794 - -813. Suppose -5*v - 3656 = -3*n, 3*v + 4 = b. What is the thousands digit of n?
1
Let n be 112/24 + (-6)/9. Let h be (n/(2 - -2))/((-2)/(-4)). Suppose g = -3*i + 106, -5*g + 0*i = h*i - 465. What is the tens digit of g?
9
Let r = -42 + 50. Let s be (-1335)/(-25) + r/(-20). Suppose -174 = 50*l - s*l. What is the units digit of l?
8
Suppose 2*d = s + 25978, 5*d = 28*s - 27*s + 64945. What is the units digit of d?
9
Let t be (-1 + 7)*(2 + 6/(-4)). Suppose -t*i - 217 = -f, 5*i - 5*f + 72 = -273. Let q = i - -173. What is the units digit of q?
9
Let j be 155/4 + -3 - (-2)/8. Let v = j - -234. What is the units digit of v?
0
Let u = -15882 - -48054. What is the hundreds digit of u?
1
Suppose 6*q + 9636 = 18*q. What is the tens digit of -5 + 15/5 + -3 + q?
9
Let t(j) = 2*j**2 + 7*j + 165. Let g(k) = -k**2 - 4*k. Let x(b) = -5*g(b) + t(b). What is the tens digit of x(-7)?
1
Suppose -49280 = 374*q - 379*q + 5*z, -49296 = -5*q + 3*z. What is the hundreds digit of q?
8
Let p(o) = o**2 - 29*o - 28. Let f be p(30). Suppose f*j - 3*g = -6*g + 11, 2*j = -5*g + 21. What is the tens digit of 11170/50 + j/5?
2
Let a = 86 + -111. Let d = 40 + a. Suppose -d*x + u - 66 = -16*x, 4*x - 4*u = 232. What is the tens digit of x?
6
Suppose 3*n + 29 = 62. Let r(s) = -3 + 6*s - n*s + 29*s + 5*s. What is the units digit of r(3)?
4
Let y(l) = -6*l**3 - 169*l**2 - 65*l + 11. What is the tens digit of y(-30)?
6
Let h(i) be the first derivative of i**3 - 14*i**2 + 9*i + 48. What is the tens digit of h(-12)?
7
Let c = -610 - -1605. Let n = -372 + c. What is the tens digit of n?
2
Suppose 5*o - 3283 - 29132 = -5*s, -s - 2*o = -6487. What is the thousands digit of s?
6
Let o = -11344 - -20692. What is the units digit of o?
8
Suppose -47*y + 160 = -51*y. Suppose a - 245 = -0*a. Let l = a + y. What is the units digit of l?
5
Let b(a) = 47*a**2 + 512*a + 5. What is the thousands digit of b(-19)?
7
Let p(r) = -120*r - 47. Let k be p(-7). Let f = 1179 - k. What is the tens digit of f?
8
Let g(p) = -22*p - 69. Let v be g(-4). Let f(k) = k**2 + 6*k + 22. What is the hundreds digit of f(v)?
4
Let y(i) = 2*i**3 + i**2 - 6*i + 8. Let k be y(7). Let b = 1202 - k. What is the units digit of b?
1
Let t(l) = -l**2 + 131*l - 1471. What is the units digit of t(100)?
9
Let r(d) = -d**3 - d**2 + 19*d - 55. Let k be r(-11). Suppose -5*c + 2*a + 1622 = -a, -k = -3*c - 5*a. What is the hundreds digit of c?
3
Let r(g) = -g**3 - 76*g**2 + 56*g - 174. What is the thousands digit of r(-79)?
4
Let j(s) = 11*s + 7. Let i(w) = w**3 + 16*w**2 + 8. Let p be i(-16). Let h be j(p). What is the units digit of h + 0 + 1 - (-4 + 5)?
5
Let u = -352 - -402. Suppose -u*o + 1299 = -47*o. What is the tens digit of o?
3
Suppose 2*w = -3*p + 669, 4*p + 5 = -p. Let i = 666 - w. What is the tens digit of i?
3
Suppose 2*n - 25*n + 30360 = 0. Let q = -522 + n. What is the hundreds digit of q?
7
Let r = 49745 + -21362. What is the units digit of r?
3
What is the units digit of (-18979)/(-2) + ((-68)/51 - (-2)/(-12))?
8
Let i = 5056 + -213. What is the units digit of i?
3
Let f(m) be the first derivative of -m**4/4 - 5*m**3/3 - m**2/2 - 10*m - 78. Let g(t) = t**2 - 7. Let s be g(0). What is the tens digit of f(s)?
9
Let b(a) = 157*a. Let o(f) = 5*f**2 - 4*f - 3. Let n be o(-1). Suppose 3*q - 18 = -3*s, 0 = -n*q + q - s + 10. What is the tens digit of b(q)?
5
Suppose -3*b = -2*w + 53456, -165*w + 4*b + 80185 = -162*w. What is the hundreds digit of w?
7
Let x(v) = -v**3 + 48*v**2 + 12*v + 304. What is the tens digit of x(47)?
7
Let y(k) = 1999*k**2 - 7*k - 11. What is the units digit of y(2)?
1
Let v = -3133 - -14774. What is the hundreds digit of v?
6
Suppose 233*q = 228*q + 25. Suppose -2*h + 5*p + 1450 = 0, q*p - 3187 = -4*h - 347. What is the units digit of h?
5
Let n(u) = u**2 - 2*u - 13. Let f be n(0). Let d(y) = 2*y**2 + 19*y + 71. What is the hundreds digit of d(f)?
1
Let o(t) = 2978*t - 4971. What is the thousands digit of o(11)?
7
Suppose 5*o = a + 36347, -2*o + 5*a + 14302 = -246. What is the units digit of o?
9
Let v(t) = -t**3 + 5*t**2 + 3. Let j be v(-7). Suppose -5*w + 2070 = -10*w. Let a = j + w. What is the hundreds digit of a?
1
Let o(m) = 351*m**2 - 10*m + 137. What is the thousands digit of o(8)?
2
Suppose -92*o + 28*o + 1605514 = -47*o. What is the ten thousands digit of o?
9
Let n(x) = x**3 - 3*x**2 + 3*x - 2. Let b be n(2). Suppose b*w + 644 = 3*p + 5*w, -4*p + w + 897 = 0. What is the hundreds digit of p?
2
Suppose -10*m + 75745 = 4395. What is the tens digit of m?
3
Suppose -p + 2*u = -8, -2*p + u + 7 + 0 = 0. Suppose -p*j = -3*d - 3*j + 227, 3*d = 3*j + 207. Suppose 346 = 4*g + d. What is the tens digit of g?
6
Let w be (-5 - 136/(-12)) + (-2)/6. Suppose 2*p + 10 = -4*s, 8*p + 13 = w*p - 5*s. What is the tens digit of p/5*-4 - (-2196)/20?
0
Let s be 12/(-7)*(-3)/(-6)*-7. Let f(i) = 4*i**3 - 8*i**2 + 6. Let t be f(s). Suppose t = -0*x + 6*x. What is the tens digit of x?
9
Suppose -39*f = -31*f + 2336. Let v = -207 - f. What is the units digit of v?
5
Let v(c) = 13*c**2 + c + 32. Suppose -52 = -8*a + 4. What is the tens digit of v(a)?
7
Suppose -38*g = -45*g - 483. Let b = g - -301. What is the tens digit of b?
3
Suppose -595 = -3*w - 2*u + 621, 0 = w + 5*u - 401. Suppose -n - 3*s + w = 0, 5*s - 2 = 3. What is the tens digit of n?
0
Let c(j) = -j**3 - j**2 - j - 1. Let s(b) = -4*b**3 + 2*b**2 + 24*b - 11. Let q(t) = 6*c(t) - s(t). What is the hundreds digit of q(-8)?
7
Let m(b) = -b**2 + 116*b - 14. What is the thousands digit of m(60)?
3
Suppose -p + 2*g + 26760 = 0, -2*p = 3*g - 30074 - 23453. What is the thousands digit of p?
6
What is the hundreds digit of 1 - -1 - -4724 - (95 - 91)?
7
Let g(b) = 11*b**2 + 6274. What is the hundreds digit of g(0)?
2
Suppose 28 = 6*v - 7*v. Let r = -171 + v. Let h = -123 - r. What is the tens digit of h?
7
Let l be (2799/(-5))/(819/(-130) - -6). Suppose -23*k + 3723 = -l. What is the units digit of k?
3
Suppose -95546 = 6*q + 163*q - 708171. What is the units digit of q?
5
Let i(d) = -d**3 + d**2 - d + 8. Let w be i(2). Suppose -5*a + 2*y = 4*y - 870, -362 = -w*a + 2*y. What is the hundreds digit of a?
1
Let p = -356 - -359. What is the units digit of (74/p)/(-2 + 48/18)?
7
What is the hundreds digit of (5971 - -8)/(39/52)?
9
Let u(h) = h**3 - 36*h**2 - 59*h + 8. What is the ten thousands digit of u(46)?
1
Suppose -134646 + 37749 = -21*z + 113292. What is the tens digit of z?
0
Suppose 3*k - 2*x - 35 = 61, -5*k + x + 160 = 0. Suppose -5*v + 18 = -k. What is the units digit of v/(-15) + (-375)/(-9)?
1
What is the units digit of 516/(-387)*38106/(-4)?
2
Let f(b) = b**3 - 8*b**2 - 6*b - 24. Let o be f(9). What is the units digit of ((o - -9) + -8)/((-6)/(-2541))?
4
Let f(r) be the first derivative of r**3 + 6*r**2 + 25*r - 55. What is the hundreds digit of f(-14)?
4
Let n(f) = f**2 - 11*f + 35. Let c be n(-7). Let l = c + -153. What is the units digit of l?
8
Suppose -z + 30 + 18 = 4*p, 4*z = -p + 12. What is the tens digit of 1/(-6) - (-2306)/p?
9
Let x be 101/((-30)/(-12) - 2). Suppose -102 = -2*f + x. What is the hundreds digit of f?
1
Suppose 4*c - 860 = 4*n + 668, c = 4*n + 1540. Let g = 242 - n. What is the units digit of g?
8
Let m(b) = 164*b - 311. Let s be m(15). Let n = -1122 + s. What is the tens digit of n?
2
Suppose -2*j - 8 = 0, -q + 5*j = 3*q + 148. What is the units digit of (-1323)/q*(-40)/(-6)